{"id":4458,"date":"2026-01-23T17:42:13","date_gmt":"2026-01-23T17:42:13","guid":{"rendered":"https:\/\/suresnes-sociale-\u00e9cologique.fr\/?page_id=4458"},"modified":"2026-01-27T23:27:21","modified_gmt":"2026-01-27T23:27:21","slug":"tracts","status":"publish","type":"page","link":"https:\/\/suresnes-sociale-\u00e9cologique.fr\/?page_id=4458","title":{"rendered":"Nos tracts"},"content":{"rendered":"\t\t<div data-elementor-type=\"wp-page\" data-elementor-id=\"4458\" class=\"elementor elementor-4458\">\n\t\t\t\t\t\t\t\t\t<section class=\"elementor-section elementor-top-section elementor-element elementor-element-477f882 elementor-section-boxed elementor-section-height-default elementor-section-height-default\" data-id=\"477f882\" data-element_type=\"section\">\n\t\t\t\t\t\t<div class=\"elementor-container elementor-column-gap-default\">\n\t\t\t\t\t<div class=\"elementor-column elementor-col-100 elementor-top-column elementor-element elementor-element-8b0199b\" data-id=\"8b0199b\" data-element_type=\"column\">\n\t\t\t<div class=\"elementor-widget-wrap elementor-element-populated\">\n\t\t\t\t\t\t\t\t<div class=\"elementor-element elementor-element-66b0240 elementor-widget elementor-widget-heading\" data-id=\"66b0240\" data-element_type=\"widget\" data-widget_type=\"heading.default\">\n\t\t\t\t<div class=\"elementor-widget-container\">\n\t\t\t<style>\/*! elementor - v3.8.0 - 30-10-2022 *\/\n.elementor-heading-title{padding:0;margin:0;line-height:1}.elementor-widget-heading .elementor-heading-title[class*=elementor-size-]>a{color:inherit;font-size:inherit;line-height:inherit}.elementor-widget-heading .elementor-heading-title.elementor-size-small{font-size:15px}.elementor-widget-heading .elementor-heading-title.elementor-size-medium{font-size:19px}.elementor-widget-heading .elementor-heading-title.elementor-size-large{font-size:29px}.elementor-widget-heading .elementor-heading-title.elementor-size-xl{font-size:39px}.elementor-widget-heading .elementor-heading-title.elementor-size-xxl{font-size:59px}<\/style><h2 class=\"elementor-heading-title elementor-size-default\">Nos tracts de campagne<\/h2>\t\t<\/div>\n\t\t\t\t<\/div>\n\t\t\t\t\t<\/div>\n\t\t<\/div>\n\t\t\t\t\t\t\t<\/div>\n\t\t<\/section>\n\t\t\t\t<section class=\"elementor-section elementor-top-section elementor-element elementor-element-99d8cb3 elementor-section-boxed elementor-section-height-default elementor-section-height-default\" data-id=\"99d8cb3\" data-element_type=\"section\">\n\t\t\t\t\t\t<div class=\"elementor-container elementor-column-gap-default\">\n\t\t\t\t\t<div class=\"elementor-column elementor-col-100 elementor-top-column elementor-element elementor-element-8770bfa\" data-id=\"8770bfa\" data-element_type=\"column\">\n\t\t\t<div class=\"elementor-widget-wrap elementor-element-populated\">\n\t\t\t\t\t\t\t\t<div class=\"elementor-element elementor-element-72b5e79 elementor-widget elementor-widget-image\" data-id=\"72b5e79\" data-element_type=\"widget\" data-widget_type=\"image.default\">\n\t\t\t\t<div class=\"elementor-widget-container\">\n\t\t\t<style>\/*! elementor - v3.8.0 - 30-10-2022 *\/\n.elementor-widget-image{text-align:center}.elementor-widget-image a{display:inline-block}.elementor-widget-image a img[src$=\".svg\"]{width:48px}.elementor-widget-image img{vertical-align:middle;display:inline-block}<\/style>\t\t\t\t\t\t\t\t\t\t\t\t<img loading=\"lazy\" decoding=\"async\" width=\"768\" height=\"402\" src=\"https:\/\/suresnes-sociale-\u00e9cologique.fr\/wp-content\/uploads\/2026\/01\/Lundi-16-fevrier-GRAND-MEETING-19h30-1-768x402.png\" class=\"attachment-medium_large size-medium_large\" alt=\"\" srcset=\"https:\/\/suresnes-sociale-\u00e9cologique.fr\/wp-content\/uploads\/2026\/01\/Lundi-16-fevrier-GRAND-MEETING-19h30-1-768x402.png 768w, https:\/\/suresnes-sociale-\u00e9cologique.fr\/wp-content\/uploads\/2026\/01\/Lundi-16-fevrier-GRAND-MEETING-19h30-1-300x157.png 300w, https:\/\/suresnes-sociale-\u00e9cologique.fr\/wp-content\/uploads\/2026\/01\/Lundi-16-fevrier-GRAND-MEETING-19h30-1-1024x536.png 1024w, https:\/\/suresnes-sociale-\u00e9cologique.fr\/wp-content\/uploads\/2026\/01\/Lundi-16-fevrier-GRAND-MEETING-19h30-1.png 1201w\" sizes=\"auto, (max-width: 768px) 100vw, 768px\" \/>\t\t\t\t\t\t\t\t\t\t\t\t\t\t\t<\/div>\n\t\t\t\t<\/div>\n\t\t\t\t<div class=\"elementor-element elementor-element-7570d6b elementor-widget elementor-widget-text-editor\" data-id=\"7570d6b\" data-element_type=\"widget\" data-widget_type=\"text-editor.default\">\n\t\t\t\t<div class=\"elementor-widget-container\">\n\t\t\t<style>\/*! elementor - v3.8.0 - 30-10-2022 *\/\n.elementor-widget-text-editor.elementor-drop-cap-view-stacked .elementor-drop-cap{background-color:#818a91;color:#fff}.elementor-widget-text-editor.elementor-drop-cap-view-framed .elementor-drop-cap{color:#818a91;border:3px solid;background-color:transparent}.elementor-widget-text-editor:not(.elementor-drop-cap-view-default) .elementor-drop-cap{margin-top:8px}.elementor-widget-text-editor:not(.elementor-drop-cap-view-default) .elementor-drop-cap-letter{width:1em;height:1em}.elementor-widget-text-editor .elementor-drop-cap{float:left;text-align:center;line-height:1;font-size:50px}.elementor-widget-text-editor .elementor-drop-cap-letter{display:inline-block}<\/style>\t\t\t\t<h4><strong>M\u00e9thode :<\/strong><\/h4><p>Nous avons construit notre programme dans un esprit d&#8217;union. Les sujets \u00e9taient d\u00e9battus dans le collectif.<br \/><br \/>Nous aurons organis\u00e9 6 ateliers dans les quartiers pour recueillir les attentes des citoyens et enrichir notre programme.<br \/><br \/>Les \u00e9tapes jusqu&#8217;\u00e0 l&#8217;\u00e9laboration finale auront permis une r\u00e9flexion pragmatique, centr\u00e9e sur les pr\u00e9occupations des Suresnois\u00b7e\u00b7s.<br \/><br \/>Voici des tracts th\u00e9matiques\u00a0 auxquels s&#8217;ajoutera prochainement le livret programmatique de Suresnes Social \u00c9cologique.<\/p>\t\t\t\t\t\t<\/div>\n\t\t\t\t<\/div>\n\t\t\t\t\t<\/div>\n\t\t<\/div>\n\t\t\t\t\t\t\t<\/div>\n\t\t<\/section>\n\t\t\t\t\t\t\t<\/div>\n\t\t","protected":false},"excerpt":{"rendered":"<p>Nos tracts de campagne M\u00e9thode : Nous avons construit notre programme dans un esprit d&#8217;union. Les sujets \u00e9taient d\u00e9battus dans le collectif. Nous aurons organis\u00e9 6 ateliers dans les quartiers pour recueillir les attentes des citoyens et enrichir notre programme. Les \u00e9tapes jusqu&#8217;\u00e0 l&#8217;\u00e9laboration finale auront permis une r\u00e9flexion pragmatique, centr\u00e9e sur les pr\u00e9occupations des [&hellip;]<\/p>\n","protected":false},"author":3,"featured_media":0,"parent":0,"menu_order":0,"comment_status":"closed","ping_status":"closed","template":"","meta":{"om_disable_all_campaigns":false,"_mi_skip_tracking":false,"site-sidebar-layout":"no-sidebar","site-content-layout":"page-builder","ast-site-content-layout":"full-width-container","site-content-style":"default","site-sidebar-style":"default","ast-global-header-display":"","ast-banner-title-visibility":"","ast-main-header-display":"","ast-hfb-above-header-display":"","ast-hfb-below-header-display":"","ast-hfb-mobile-header-display":"","site-post-title":"disabled","ast-breadcrumbs-content":"","ast-featured-img":"disabled","footer-sml-layout":"","theme-transparent-header-meta":"","adv-header-id-meta":"","stick-header-meta":"","header-above-stick-meta":"","header-main-stick-meta":"","header-below-stick-meta":"","astra-migrate-meta-layouts":"set","ast-page-background-enabled":"default","ast-page-background-meta":{"desktop":{"background-color":"","background-image":"","background-repeat":"repeat","background-position":"center center","background-size":"auto","background-attachment":"scroll","background-type":"","background-media":"","overlay-type":"","overlay-color":"","overlay-opacity":"","overlay-gradient":""},"tablet":{"background-color":"","background-image":"","background-repeat":"repeat","background-position":"center center","background-size":"auto","background-attachment":"scroll","background-type":"","background-media":"","overlay-type":"","overlay-color":"","overlay-opacity":"","overlay-gradient":""},"mobile":{"background-color":"","background-image":"","background-repeat":"repeat","background-position":"center center","background-size":"auto","background-attachment":"scroll","background-type":"","background-media":"","overlay-type":"","overlay-color":"","overlay-opacity":"","overlay-gradient":""}},"ast-content-background-meta":{"desktop":{"background-color":"var(--ast-global-color-5)","background-image":"","background-repeat":"repeat","background-position":"center center","background-size":"auto","background-attachment":"scroll","background-type":"","background-media":"","overlay-type":"","overlay-color":"","overlay-opacity":"","overlay-gradient":""},"tablet":{"background-color":"var(--ast-global-color-5)","background-image":"","background-repeat":"repeat","background-position":"center center","background-size":"auto","background-attachment":"scroll","background-type":"","background-media":"","overlay-type":"","overlay-color":"","overlay-opacity":"","overlay-gradient":""},"mobile":{"background-color":"var(--ast-global-color-5)","background-image":"","background-repeat":"repeat","background-position":"center center","background-size":"auto","background-attachment":"scroll","background-type":"","background-media":"","overlay-type":"","overlay-color":"","overlay-opacity":"","overlay-gradient":""}},"footnotes":""},"class_list":["post-4458","page","type-page","status-publish","hentry"],"aioseo_notices":[],"_links":{"self":[{"href":"https:\/\/suresnes-sociale-\u00e9cologique.fr\/index.php?rest_route=\/wp\/v2\/pages\/4458","targetHints":{"allow":["GET"]}}],"collection":[{"href":"https:\/\/suresnes-sociale-\u00e9cologique.fr\/index.php?rest_route=\/wp\/v2\/pages"}],"about":[{"href":"https:\/\/suresnes-sociale-\u00e9cologique.fr\/index.php?rest_route=\/wp\/v2\/types\/page"}],"author":[{"embeddable":true,"href":"https:\/\/suresnes-sociale-\u00e9cologique.fr\/index.php?rest_route=\/wp\/v2\/users\/3"}],"replies":[{"embeddable":true,"href":"https:\/\/suresnes-sociale-\u00e9cologique.fr\/index.php?rest_route=%2Fwp%2Fv2%2Fcomments&post=4458"}],"version-history":[{"count":61,"href":"https:\/\/suresnes-sociale-\u00e9cologique.fr\/index.php?rest_route=\/wp\/v2\/pages\/4458\/revisions"}],"predecessor-version":[{"id":4613,"href":"https:\/\/suresnes-sociale-\u00e9cologique.fr\/index.php?rest_route=\/wp\/v2\/pages\/4458\/revisions\/4613"}],"wp:attachment":[{"href":"https:\/\/suresnes-sociale-\u00e9cologique.fr\/index.php?rest_route=%2Fwp%2Fv2%2Fmedia&parent=4458"}],"curies":[{"name":"wp","href":"https:\/\/api.w.org\/{rel}","templated":true}]}}

https://suresnes-sociale-écologique.fr/?page_id=4458

<div data-elementor-type="wp-page" data-elementor-id="4458" class="elementor elementor-4458">
									<section class="elementor-section elementor-top-section elementor-element elementor-element-477f882 elementor-section-boxed elementor-section-height-default elementor-section-height-default" data-id="477f882" data-element_type="section">
						<div class="elementor-container elementor-column-gap-default">
					<div class="elementor-column elementor-col-100 elementor-top-column elementor-element elementor-element-8b0199b" data-id="8b0199b" data-element_type="column">
			<div class="elementor-widget-wrap elementor-element-populated">
								<div class="elementor-element elementor-element-66b0240 elementor-widget elementor-widget-heading" data-id="66b0240" data-element_type="widget" data-widget_type="heading.default">
				<div class="elementor-widget-container">
			<style>/*! elementor - v3.8.0 - 30-10-2022 */
.elementor-heading-title{padding:0;margin:0;line-height:1}.elementor-widget-heading .elementor-heading-title[class*=elementor-size-]>a{color:inherit;font-size:inherit;line-height:inherit}.elementor-widget-heading .elementor-heading-title.elementor-size-small{font-size:15px}.elementor-widget-heading .elementor-heading-title.elementor-size-medium{font-size:19px}.elementor-widget-heading .elementor-heading-title.elementor-size-large{font-size:29px}.elementor-widget-heading .elementor-heading-title.elementor-size-xl{font-size:39px}.elementor-widget-heading .elementor-heading-title.elementor-size-xxl{font-size:59px}</style><h2 class="elementor-heading-title elementor-size-default">Nos tracts de campagne</h2>		</div>
				</div>
					</div>
		</div>
							</div>
		</section>
				<section class="elementor-section elementor-top-section elementor-element elementor-element-99d8cb3 elementor-section-boxed elementor-section-height-default elementor-section-height-default" data-id="99d8cb3" data-element_type="section">
						<div class="elementor-container elementor-column-gap-default">
					<div class="elementor-column elementor-col-100 elementor-top-column elementor-element elementor-element-8770bfa" data-id="8770bfa" data-element_type="column">
			<div class="elementor-widget-wrap elementor-element-populated">
								<div class="elementor-element elementor-element-72b5e79 elementor-widget elementor-widget-image" data-id="72b5e79" data-element_type="widget" data-widget_type="image.default">
				<div class="elementor-widget-container">
			<style>/*! elementor - v3.8.0 - 30-10-2022 */
.elementor-widget-image{text-align:center}.elementor-widget-image a{display:inline-block}.elementor-widget-image a img[src$=".svg"]{width:48px}.elementor-widget-image img{vertical-align:middle;display:inline-block}</style>												<img loading="lazy" decoding="async" width="768" height="402" src="https://suresnes-sociale-écologique.fr/wp-content/uploads/2026/01/Lundi-16-fevrier-GRAND-MEETING-19h30-1-768x402.png" class="attachment-medium_large size-medium_large" alt="" srcset="https://suresnes-sociale-écologique.fr/wp-content/uploads/2026/01/Lundi-16-fevrier-GRAND-MEETING-19h30-1-768x402.png 768w, https://suresnes-sociale-écologique.fr/wp-content/uploads/2026/01/Lundi-16-fevrier-GRAND-MEETING-19h30-1-300x157.png 300w, https://suresnes-sociale-écologique.fr/wp-content/uploads/2026/01/Lundi-16-fevrier-GRAND-MEETING-19h30-1-1024x536.png 1024w, https://suresnes-sociale-écologique.fr/wp-content/uploads/2026/01/Lundi-16-fevrier-GRAND-MEETING-19h30-1.png 1201w" sizes="auto, (max-width: 768px) 100vw, 768px" />															</div>
				</div>
				<div class="elementor-element elementor-element-7570d6b elementor-widget elementor-widget-text-editor" data-id="7570d6b" data-element_type="widget" data-widget_type="text-editor.default">
				<div class="elementor-widget-container">
			<style>/*! elementor - v3.8.0 - 30-10-2022 */
.elementor-widget-text-editor.elementor-drop-cap-view-stacked .elementor-drop-cap{background-color:#818a91;color:#fff}.elementor-widget-text-editor.elementor-drop-cap-view-framed .elementor-drop-cap{color:#818a91;border:3px solid;background-color:transparent}.elementor-widget-text-editor:not(.elementor-drop-cap-view-default) .elementor-drop-cap{margin-top:8px}.elementor-widget-text-editor:not(.elementor-drop-cap-view-default) .elementor-drop-cap-letter{width:1em;height:1em}.elementor-widget-text-editor .elementor-drop-cap{float:left;text-align:center;line-height:1;font-size:50px}.elementor-widget-text-editor .elementor-drop-cap-letter{display:inline-block}</style>				<h4><strong>Méthode :</strong></h4><p>Nous avons construit notre programme dans un esprit d&#8217;union. Les sujets étaient débattus dans le collectif.<br /><br />Nous aurons organisé 6 ateliers dans les quartiers pour recueillir les attentes des citoyens et enrichir notre programme.<br /><br />Les étapes jusqu&#8217;à l&#8217;élaboration finale auront permis une réflexion pragmatique, centrée sur les préoccupations des Suresnois·e·s.<br /><br />Voici des tracts thématiques  auxquels s&#8217;ajoutera prochainement le livret programmatique de Suresnes Social Écologique.</p>						</div>
				</div>
					</div>
		</div>
							</div>
		</section>
							</div>

<p>Nos tracts de campagne Méthode : Nous avons construit notre programme dans un esprit d&#8217;union. Les sujets étaient débattus dans le collectif. Nous aurons organisé 6 ateliers dans les quartiers pour recueillir les attentes des citoyens et enrichir notre programme. Les étapes jusqu&#8217;à l&#8217;élaboration finale auront permis une réflexion pragmatique, centrée sur les préoccupations des [&hellip;]</p>

https://suresnes-sociale-écologique.fr/index.php?rest_route=/wp/v2/pages/4458

https://suresnes-sociale-écologique.fr/index.php?rest_route=/wp/v2/pages

https://suresnes-sociale-écologique.fr/index.php?rest_route=/wp/v2/types/page

https://suresnes-sociale-écologique.fr/index.php?rest_route=/wp/v2/users/3

https://suresnes-sociale-écologique.fr/index.php?rest_route=%2Fwp%2Fv2%2Fcomments&post=4458

https://suresnes-sociale-écologique.fr/index.php?rest_route=/wp/v2/pages/4458/revisions

https://suresnes-sociale-écologique.fr/index.php?rest_route=/wp/v2/pages/4458/revisions/4613

https://suresnes-sociale-écologique.fr/index.php?rest_route=%2Fwp%2Fv2%2Fmedia&parent=4458
